. Calculate the remainder when g/(-1)*(6 + p) is divided by 6.
5
Suppose -d = 1, -5*r = -8*r + 5*d + 116. What is the remainder when 68 is divided by r?
31
Suppose 2*d - 7 = 13. Suppose 3*s = -4*m - 28, m + 3*m - 2*s + 8 = 0. Let n = m + d. Calculate the remainder when n is divided by 4.
2
Let y = -239 + 424. Suppose -s + y = 4*s. What is the remainder when s is divided by 174/9 - 2/6?
18
Let o(f) = -32*f - 17. What is the remainder when o(-4) is divided by 28?
27
Let w(k) = -k**2 - 7*k - 7. Let g be w(-6). Let r be -14 + 3*2/6. What is the remainder when g*1*(r + -4) is divided by 9?
8
Let v(u) = 8*u - 2 - 4*u - 5. What is the remainder when 24 is divided by v(4)?
6
Calculate the remainder when (-4)/6 - (-20)/3 is divided by 5*1/(-5) + 3/1.
0
Let m(z) = 8*z - 19. What is the remainder when m(6) is divided by 8?
5
Suppose -3*m - 3*h = -78, 0*m - 122 = -5*m - h. What is the remainder when 47 is divided by m?
23
Suppose -3*i + 123 = -0*m + m, -4*i = -4*m - 180. Suppose -v + 66 = 2*v. Calculate the remainder when i is divided by v.
20
Suppose -4*v + 29 + 143 = 0. Calculate the remainder when v is divided by 22.
21
Let s(y) = -2*y + 5*y**2 - 3 + 6*y + 6 - 4*y**2. Calculate the remainder when 22 is divided by s(-5).
6
Let c be ((-1)/(-2))/(4/(-8)). Let t be (c + -3)*(-25)/4. Suppose 0 = -2*q + o + 19, -3*q + 3*o = 4 - t. Calculate the remainder when 22 is divided by q.
10
Suppose r + 12 = 4*r. Suppose 3*a - r*a + 4 = 0. Calculate the remainder when 10 is divided by a.
2
Suppose -2*i + 10 = 0, 6*n - 2*n - 4*i - 4 = 0. What is the remainder when 15 is divided by n?
3
Let v(o) = o**2 + 8*o + 2. Let u be v(-8). Suppose -3*m - 4*f + 107 = 0, 2*m + u*f - 2 - 72 = 0. Calculate the remainder when m is divided by 11.
8
Suppose 2*r = 17 + 11. What is the remainder when 25 is divided by r?
11
Let m(u) = 4*u - 17. What is the remainder when 55 is divided by m(9)?
17
Let u(x) = -3*x**2 + 3*x + 2. Let p(q) = q**2 + 1. Let i(h) = -p(h) - u(h). Calculate the remainder when i(-4) is divided by 14.
13
Suppose 2*k = k + 26. Suppose 5*m + 5*r = 360, 0 = 3*m - 7*r + 4*r - 240. What is the remainder when m is divided by k?
24
Suppose p + 100 = 5*p. What is the remainder when 123 is divided by p?
23
Suppose -34 - 18 = 4*i + 4*v, 5*i - 3*v = -57. Let k = 26 + i. Let g(y) = -y**3 + 6*y**2 + 6*y + 5. Calculate the remainder when g(6) is divided by k.
13
Suppose 20 = r - 0*r - 4*h, -4*r - 4 = 5*h. Suppose 5*y + r = 3*y, i - y - 7 = 0. What is the remainder when i is divided by 2?
1
Let p = 5 - 2. Suppose 32 = p*q - 1. Suppose -5*l - 6 + 26 = 0. What is the remainder when q is divided by l?
3
Suppose 0 = 5*z - 7*c + 2*c - 595, 4*c - 129 = -z. Calculate the remainder when z is divided by 42.
37
Let m(j) = j**2 + 3*j + 15. What is the remainder when m(-7) is divided by 15?
13
Let r = 0 + -2. Let l be ((-1)/r - 0)*0. Suppose 5*h - 35 = 2*s, 0 = h - 2*s - l*s - 15. Calculate the remainder when 9 is divided by h.
4
Let h(o) = o**2 + 3*o - 5. Calculate the remainder when 135 is divided by h(5).
30
Let f = -268 - -402. Suppose 2*u + a - 1 = 52, 5*u + 2*a = f. Calculate the remainder when u is divided by 8.
4
Let b = 31 + -20. What is the remainder when 40 is divided by b?
7
Let m = 6 - 2. Let o(k) = -2*k. Let b be o(-5). Let j = b + -4. What is the remainder when j is divided by m?
2
Let t = -2 + 6. Suppose -t*b + 0*d = d - 103, -2*b = -5*d - 57. Calculate the remainder when b is divided by 9.
8
Let a(b) = -266*b**3 + b + 1. Let g be a(-1). Suppose 4*u - g + 102 = 0. Calculate the remainder when u is divided by 21.
20
Let n = 157 - 87. What is the remainder when n is divided by 18?
16
Let f = -4 + 39. What is the remainder when f is divided by 9?
8
Let r(k) = -11*k + 1. What is the remainder when r(-2) is divided by (-3)/9*(-13)/(-2)*-6?
10
Let n(j) = 3*j**2 - 1. Calculate the remainder when 2 is divided by n(1).
0
Let x be 474/(-9) - (-1)/(-3). Let i be ((-4)/(-1))/(1/(-4)). Let b = i - x. What is the remainder when b is divided by 19?
18
Suppose 5 + 75 = 5*n. Calculate the remainder when 47 is divided by n.
15
Let b be (-2)/(-6)*12/1. Suppose -b*v + 36 = -v. What is the remainder when 1/(3/3)*v is divided by 7?
5
Suppose -3*r + 0*r - 3*v + 57 = 0, 0 = 3*r - v - 73. What is the remainder when (-132)/10*(-10)/3 is divided by r?
21
Let f = 15 - 13. Suppose -f*g + 21 = -g. What is the remainder when g is divided by 8?
5
Suppose 51 = r - 31. Calculate the remainder when r is divided by 12.
10
Let s = 44 - 33. Calculate the remainder when 52 is divided by s.
8
Suppose 4*w = -4*p + 68, -3*p - 2*w + 46 = -0*w. Suppose -4*q = -q - p. What is the remainder when 6 is divided by q?
2
Suppose -3*d - j + 26 = 0, -2*j + 5 = 1. Suppose 13 + d = 3*p. What is the remainder when p is divided by 2?
1
Let k(w) be the third derivative of w**6/120 + w**5/15 - w**4/24 + 5*w**3/6 + 2*w**2. Calculate the remainder when k(-4) is divided by 5.
4
Let v(p) = -p**3 - 4*p**2 - 5. Let x be ((-4)/(-2))/((-4)/10). Calculate the remainder when v(x) is divided by 11.
9
Let t(r) = 2*r**2 - 11*r + 27. What is the remainder when t(10) is divided by 24?
21
What is the remainder when 128 is divided by 30 - 2*(-2)/(-1)?
24
Suppose -2*y + 212 = 2*y. Let l = 58 + -25. Let o = -15 + l. Calculate the remainder when y is divided by o.
17
Suppose 5 - 10 = -y. Calculate the remainder when y is divided by 2.
1
Let m = 7 - -7. Let x be 2/(-7) + 410/m. Let u = -14 + x. Calculate the remainder when 43 is divided by u.
13
What is the remainder when -875*3/(-27) + (-14)/63 is divided by 50?
47
Let r(i) = 34*i + 3. Let g be r(1). Suppose -2*b + g = -25. Calculate the remainder when b is divided by 8.
7
Let o be -4 - -7 - (1 + -1). Suppose 7 = 3*y + h, o*y + 4*h - 6 - 4 = 0. Calculate the remainder when y is divided by -1 - -1*(2 + 0).
0
Let w(c) = c**2 - 5*c - 5. Let m be w(5). Let k be (-1252)/10 + (-1)/m. Let j = k + 177. What is the remainder when j is divided by 18?
16
Let i be -3*(-1 + (-75)/9). Suppose 0*t = -4*t + i. Calculate the remainder when t is divided by 4.
3
Suppose -5*x + 27 - 7 = 0. Suppose -5*w = 4*d - 130, -w - 2*w + 110 = -x*d. Let q = 52 + -36. What is the remainder when w is divided by q?
14
Suppose 4*h - 372 = 2*h. Suppose r - h = -2*r. Let v = r - 37. Calculate the remainder when v is divided by 7.
4
Suppose 4*x + 2*q - 4*q - 18 = 0, x - 32 = -5*q. Suppose j - 2 = x. Calculate the remainder when j is divided by 5.
4
Suppose -3*r - 24 = -5*f - 5*r, 2*f = -4*r + 16. Suppose -5*z + 42 = f*v, -3*v = 5*z - 2*v - 33. Calculate the remainder when 16 is divided by z.
4
Suppose 4*n + 2*a - 31 = 21, -n + 13 = -3*a. Suppose i = 2*i + 5*m + n, -4 = 2*m. Let l(h) = h**2 - 2*h + 3. Calculate the remainder when 34 is divided by l(i).
16
Suppose -36 = -4*f + 4*n, f + 3*n - 6*n = 15. What is the remainder when -6*3/f*-3 is divided by 4?
1
Let z(k) = k**2 - 17*k + 43. Calculate the remainder when 51 is divided by z(16).
24
Calculate the remainder when (4/5 + -4)/(2/(-50)) is divided by 27.
26
Suppose 5*d + 65 = 5*q, -d = 3*q - 15 - 44. Calculate the remainder when 125 is divided by q.
17
Suppose -4*s + 27 + 57 = 0. Calculate the remainder when s is divided by 12.
9
Let y = 10 + -10. Suppose -4*h = -y*h - 40. Calculate the remainder when 38 is divided by h.
8
Let r(z) = -z**3 + 3*z**2 + 2*z - 1. Let n be r(2). Suppose 0 = -3*t + 76 - n. What is the remainder when ((0 - 0) + 67)/1 is divided by t?
21
Let r be -4*(0 + 2/(-4)). Suppose 64 = -0*x + r*x. What is the remainder when x is divided by (-8)/40 + (-56)/(-5)?
10
Suppose -4*o - 5*x + 90 = 0, 0 = 2*o - 3*o - 2*x + 24. Let d be 8/(-2)*(2 - o). Calculate the remainder when d/(1 - 2/(-4)) is divided by 17.
14
Let z = -49 - -120. Calculate the remainder when z is divided by 24.
23
Suppose -k = 4*m - 229, 305 = 5*m - 6*k + k. What is the remainder when m is divided by 21?
16
Suppose 4 = 2*g + 4*v, -5*v + 8*v - 17 = -5*g. Suppose -2*t = -0*q - g*q - 4, 28 = 5*t - q. Calculate the remainder when t is divided by 3.
0
Suppose -3*c + 131 = -2*c + 2*m, 0 = -3*c + m + 400. What is the remainder when c is divided by 34?
31
Suppose 2*r + 12 + 16 = -2*f, 2*r + 46 = -4*f. Let l(z) = -2*z + 16. What is the remainder when l(f) is divided by 9?
7
Let b(j) = 9*j**2 - j - 2. Let p be b(-2). Supp